g**3 - 36*g**2 + 64*g + 6. Determine p(2).
6
Let l(a) = -14*a**3 - 10*a**2 + 13*a + 4. Determine l(2).
-122
Let a(k) = -12*k**2 + 700*k + 2819. Calculate a(-4).
-173
Let w(o) = -498*o + 614. Calculate w(3).
-880
Let v(s) = 2*s + 14. Calculate v(2).
18
Let p(a) = -7*a**2 + 21*a - 70. Calculate p(4).
-98
Let a(c) = c**2 - 85*c - 48141. Calculate a(266).
5
Let b(q) = 49*q**2 + 1860*q - 77. Determine b(-38).
-1
Let b(i) = i**3 + 36*i**2 - 77. What is b(-36)?
-77
Let f(d) = -3*d**2 + 177*d - 92. What is f(53)?
862
Let i(j) = 2*j**3 + 6*j**2 - 8*j - 38. Determine i(-5).
-98
Let l(u) = 6*u**3 - 36*u**2 - 87*u - 21. Determine l(-2).
-39
Let u(q) = -q**3 + 83*q**2 - 169*q + 574. What is u(81)?
7
Let h(p) = -70*p - 4621. Determine h(-66).
-1
Let k(d) = -5*d**3 - 35*d**2 + 3*d + 18. Determine k(-7).
-3
Let z(w) = -w**2 + 240*w - 2735. Calculate z(12).
1
Let u(h) = -9*h - 317. Give u(-27).
-74
Let c(g) = 23*g + 65. Determine c(-1).
42
Let g(p) = 2*p**2 + 23*p - 111. What is g(-15)?
-6
Let i(x) = -35*x + 17. Calculate i(6).
-193
Let u(r) = r**3 - 52*r**2 - 1445*r - 4. Give u(-20).
96
Let c(x) = x - 30. What is c(-4)?
-34
Let h(f) = f**2 + 15396*f + 15396. Give h(-1).
1
Let c(w) = -w**3 + 25*w**2 + 90*w - 30. What is c(28)?
138
Let h(f) = -2*f**2 - 520*f + 6528. What is h(12)?
0
Let t(b) = 9*b**2 + 27*b + 139. Give t(-5).
229
Let z(u) = -6192*u + 18572. Determine z(3).
-4
Let c(k) = 4*k**3 - 3*k**2 - 11*k + 26. What is c(4)?
190
Let y(n) = -5*n**2 + 6*n - 26. What is y(3)?
-53
Let c(b) = 2485*b - 24848. Give c(10).
2
Let y(d) = -282*d - 1392. Give y(-5).
18
Let k(h) = -h + 123. Determine k(25).
98
Let s(y) = 2*y**2 - 1844*y + 16434. Determine s(9).
0
Let q(r) = -190*r - 1138. Calculate q(-6).
2
Let i(g) = 534*g - 1595. Determine i(3).
7
Let b(o) = o**2 + 64*o + 139. What is b(-62)?
15
Let i(v) = -v**2 - 12*v + 100. Give i(19).
-489
Let i(p) = p**3 + 47*p**2 + 533*p + 20. Calculate i(-19).
1
Let h(t) = 4*t**3 + 34*t**2 + 38*t + 200. Determine h(-8).
24
Let y(x) = x**2 - 473*x - 9935. Determine y(-20).
-75
Let v(c) = c**2 + 27*c - 897. Give v(20).
43
Let y(o) = 300*o - 4999. Give y(17).
101
Let q(n) = 86*n**2 + 78*n + 16. Give q(-1).
24
Let i(z) = z**2 + 54*z - 853. Give i(13).
18
Let l(x) = -28*x**2 + 27*x - 4. Give l(1).
-5
Let f(u) = -u**3 + 12*u**2 + 25*u - 284. What is f(12)?
16
Let r(g) = 1164*g + 10472. Give r(-9).
-4
Let a(s) = 6*s**2 - 1049*s - 12263. Calculate a(-11).
2
Let q(s) = -s**3 - 19*s**2 + 21*s + 37. Give q(-20).
17
Let g(r) = -r**3 + 19*r**2 + 22*r + 29. Calculate g(21).
-391
Let q(x) = 916*x - 2755. What is q(3)?
-7
Let o(z) = z**3 - 62*z**2 - 68*z + 316. Calculate o(63).
1
Let q(b) = b**3 - 40*b**2 - 24*b - 721. Determine q(41).
-24
Let r(j) = 5811*j - 11632. What is r(2)?
-10
Let p(i) = i**2 + 132*i - 2210. Calculate p(15).
-5
Let v(s) = 2*s**3 - 59*s**2 + 89*s - 143. Determine v(28).
-3
Let b(t) = t**3 - 58*t**2 - 162*t + 2671. Determine b(60).
151
Let g(u) = -2*u**3 - 113*u**2 - 66*u - 103. Give g(-56).
457
Let l(p) = -7*p**2 + 72*p - 17. Calculate l(10).
3
Let i(a) = -23*a - 24. Give i(2).
-70
Let a(n) = 67*n - 1287. Calculate a(19).
-14
Let s(q) = -11*q**2 + 29*q + 82. Calculate s(-3).
-104
Let i(r) = -175*r**2 + 888*r + 12. Determine i(5).
77
Let d(b) = -133*b - 354. What is d(-4)?
178
Let f(c) = 63*c**2 + 21*c - 47. What is f(2)?
247
Let b(t) = t**3 + 29*t**2 - t + 40. Give b(-29).
69
Let a(v) = 26237*v - 236129. What is a(9)?
4
Let h(q) = q**3 - 109*q**2 - 1718*q - 454. Determine h(123).
38
Let g(k) = -2*k**3 + 45*k**2 + 259*k - 99. Determine g(27).
333
Let y(f) = -2*f**3 - 9*f**2 + 6*f + 22. What is y(-4)?
-18
Let t(x) = -10*x**3 + 4*x + 10. Give t(-2).
82
Let i(p) = -231*p + 5307. Calculate i(23).
-6
Let v(f) = -59*f - 157. What is v(-10)?
433
Let v(x) = 5*x - 3. Determine v(-3).
-18
Let m(j) = -14*j + 964. Determine m(36).
460
Let c(p) = -3*p**2 + 10*p - 17. Determine c(0).
-17
Let l(i) = -17*i**2 + 20*i + 53. Calculate l(-3).
-160
Let n(z) = -25*z**2 - 259*z - 113. What is n(-11)?
-289
Let h(o) = 861*o - 1715. What is h(2)?
7
Let j(w) = -317*w**2 + 4*w - 4. Give j(1).
-317
Let a(p) = -1370*p + 5475. What is a(4)?
-5
Let f(d) = 298*d + 3250. Calculate f(-11).
-28
Let u(y) = -337*y - 28. Determine u(-1).
309
Let t(z) = -2*z**3 + 32*z**2 + 12*z - 267. What is t(16)?
-75
Let h(l) = -224*l + 622. Determine h(3).
-50
Let q(k) = -11988*k - 95903. Give q(-8).
1
Let c(w) = 49*w + 20. Determine c(9).
461
Let c(b) = -753*b - 3870. What is c(-5)?
-105
Let i(d) = -10*d + 122. What is i(14)?
-18
Let d(w) = -268*w**3 + 4*w**2 + 21*w - 24. Determine d(1).
-267
Let f(m) = 45*m - 232. Calculate f(-5).
-457
Let j(p) = -p**2 + 17*p + 23. What is j(13)?
75
Let a(r) = 55*r - 115. Give a(-5).
-390
Let j(y) = y**2 + 54*y + 396. What is j(-45)?
-9
Let f(z) = 4*z**3 + 28*z**2 + 4*z + 29. Calculate f(-7).
1
Let g(x) = -x**2 - 62*x - 378. Calculate g(-7).
7
Let x(n) = n**2 + 18*n + 26. What is x(-21)?
89
Let b(u) = 12*u + 8. Give b(-3).
-28
Let a(n) = -13*n**2 - 1284*n + 300. What is a(-99)?
3
Let c(b) = -b**3 - 12*b**2 - 7*b + 26. Calculate c(-11).
-18
Let n(v) = -v**3 + 8*v**2 - 7*v - 18. Give n(9).
-162
Let w(s) = 10*s - 528. What is w(53)?
2
Let h(l) = -l + 114. Give h(-12).
126
Let f(c) = 2*c**3 - 90*c**2 - 136*c + 1986. Give f(46).
-38
Let t(l) = 17*l - 104. Calculate t(29).
389
Let f(j) = j**3 - 11*j**2 + 9*j - 191. Calculate f(10).
-201
Let j(u) = 30*u - 5. Give j(-1).
-35
Let c(n) = 4099*n + 28686. Determine c(-7).
-7
Let c(u) = -u**3 + 39*u**2 + 128*u - 99. What is c(42)?
-15
Let r(y) = -y**2 + 17*y - 10. Give r(17).
-10
Let m(r) = -206*r**2 + 249*r - 1. Determine m(1).
42
Let h(k) = -k**3 - 38*k**2 - 86*k + 32. Determine h(-35).
-633
Let w(f) = -3*f**3 + 35*f**2 + 139*f + 165. Determine w(15).
0
Let h(i) = -11*i**2 + 80*i - 443. Give h(6).
-359
Let y(f) = -f**2 - 79*f + 9. What is y(-28)?
1437
Let o(k) = 2*k**3 - 132*k**2 + 4*k - 264. Give o(66).
0
Let v(l) = -l**3 + 16*l**2 + 41*l - 64. Calculate v(18).
26
Let c(p) = p**2 + 26*p + 62. What is c(-22)?
-26
Let l(j) = -11*j - 70. Determine l(-14).
84
Let n(a) = 14*a**3 - 20*a**2 + 19*a. Determine n(1).
13
Let t(q) = -q**3 + 175*q**2 + 73*q + 18126. Give t(176).
-2
Let j(r) = 207*r + 809. Give j(-4).
-19
Let x(o) = 230*o + 1270. Calculate x(-6).
-110
Let o(q) = 3*q**3 + 5*q**2 + 5*q - 4. What is o(-4)?
-136
Let q(v) = -19*v**2 + 530*v + 65. What is q(28)?
9
Let c(n) = -n**2 + 164*n + 9. What is c(0)?
9
Let q(d) = -1165*d + 8153. Give q(7).
-2
Let o(m) = -3*m**3 - 7*m**2 - 22*m - 52. What is o(-3)?
32
Let i(x) = 11*x - 335. Give i(26).
-49
Let m(i) = -i**3 + 23*i**2 - 20*i + 22. Determine m(22).
66
Let x(q) = -q**3 - 11*q**2 + 3*q - 91. Calculate x(-12).
17
Let a(z) = 14*z - 30. Determine a(-8).
-142
Let g(w) = 21*w - 571. Give g(27).
-4
Let z(b) = -b**3 - 33*b**2 + 113*b + 196. Give z(-36).
16
Let b(w) = 165*w**2 - 3*w - 1. Determine b(-1).
167
Let q(n) = -193*n**3 - 4*n**2 - 56*n + 59. Calculate q(1).
-194
Let w(q) = 14*q - 669. Determine w(46).
-25
Let u(j) = -3*j**3 - 38*j**2 - 19. Calculate u(-13).
150
Let q(h) = 81*h + 1613. Calculate q(-20).
-7
Let l(m) = m**3 + m**2 - 13*m + 32. Give l(2).
18
Let z(k) = 302*k - 6030. Determine z(20).
10
Let t(w) = -w**3 - 2*w**2 - 2*w - 1. Calculate t(-5).
84
Let i(a) = -a**2 + 6*a + 223. Calculate i(17).
36
Let c(h) = -39*h + 170. Determine c(4).
14
Let y(p) = -p**3 - 26*p**2 - 2*p - 13. Give y(-26).
39
Let j(y) = 19436*y - 6. Give j(0).
-6
Let q(w) = 4*w**3 + 42*w**2 - 83*w - 666. What is q(-11)?
5
Let l(g) = g**3 + 18*g**2 - 2*g + 88. Determine l(-18).
124
Let c(s) = 12*s + 47. What is c(-6)?
-25
Let o(c) = 3*c**2 + 18*c - 14. Give o(6).
202
Let n(i) = 8*i**2 + 546*i + 678. What is n(-67)?
8
Let z(x) = -88*x - 182. What is z(3)?
-446
Let g(p) = -47*p - 275. Determine g(-2).
-181
Let t(w) = 674*w - 7431. What is t(11)?
-17
Let w(f) = 75*f**2 - 530*f + 29. Determine w(7).
-6
Let z(q) = 28*q + 267. Determine z(-11).
-41
Let n(w) = 43*w - 569. Calculate n(13).
-10
Let t(v) = 2*v**3 + 124*v**2 + 10*v + 617. Calculate t(-62).
-3
Let p(y) = 3*y**3 - 146*y**2 + 94*y - 21. What is p(48)?
-117
Let h(r) = -1169*r - 7020. Give h(-6).
-6
Let v(f) = -f**2 - 746*f - 1492. Calculate v(-2).
-4
Let a(z) = -3*z**2 + 44*z - 8. Calculate a(1).
33
Let k(f) = -190*f - 7